{"id":150,"date":"2022-05-18T15:34:17","date_gmt":"2022-05-18T15:34:17","guid":{"rendered":"https:\/\/incilab.com.bo\/?page_id=150"},"modified":"2022-05-18T19:40:46","modified_gmt":"2022-05-18T19:40:46","slug":"laboratorio-de-suelo","status":"publish","type":"page","link":"https:\/\/incilab.com.bo\/index.php\/laboratorio-de-suelo\/","title":{"rendered":"Suelo"},"content":{"rendered":"\n<h2 class=\"wp-block-heading\">LABORATORIO <strong>DE SUELO<\/strong><\/h2>\n\n\n\n<div style=\"height:40px\" aria-hidden=\"true\" class=\"wp-block-spacer\"><\/div>\n\n\n\n<div class=\"wp-block-columns is-layout-flex wp-container-core-columns-is-layout-9d6595d7 wp-block-columns-is-layout-flex\">\n<div class=\"wp-block-column is-layout-flow wp-block-column-is-layout-flow\">\n<figure class=\"wp-block-image size-large\"><img loading=\"lazy\" decoding=\"async\" width=\"768\" height=\"1024\" src=\"https:\/\/incilab.com.bo\/wp-content\/uploads\/2022\/05\/photo16422587183-768x1024.jpeg\" alt=\"\" class=\"wp-image-151\" srcset=\"https:\/\/incilab.com.bo\/wp-content\/uploads\/2022\/05\/photo16422587183-768x1024.jpeg 768w, https:\/\/incilab.com.bo\/wp-content\/uploads\/2022\/05\/photo16422587183-225x300.jpeg 225w, https:\/\/incilab.com.bo\/wp-content\/uploads\/2022\/05\/photo16422587183.jpeg 960w\" sizes=\"auto, (max-width: 768px) 100vw, 768px\" \/><\/figure>\n\n\n\n<p style=\"font-size:14px\"><strong>SPT<\/strong><br>M\u00e9todo de Penetraci\u00f3n Normal y Muestreo con Tubo Partido de los Suelos<\/p>\n<\/div>\n\n\n\n<div class=\"wp-block-column is-layout-flow wp-block-column-is-layout-flow\">\n<div style=\"height:100px\" aria-hidden=\"true\" class=\"wp-block-spacer\"><\/div>\n\n\n\n<figure class=\"wp-block-image size-large\"><img loading=\"lazy\" decoding=\"async\" width=\"768\" height=\"1024\" src=\"https:\/\/incilab.com.bo\/wp-content\/uploads\/2022\/05\/CBR-3-768x1024.png\" alt=\"\" class=\"wp-image-152\" srcset=\"https:\/\/incilab.com.bo\/wp-content\/uploads\/2022\/05\/CBR-3-768x1024.png 768w, https:\/\/incilab.com.bo\/wp-content\/uploads\/2022\/05\/CBR-3-225x300.png 225w, https:\/\/incilab.com.bo\/wp-content\/uploads\/2022\/05\/CBR-3.png 960w\" sizes=\"auto, (max-width: 768px) 100vw, 768px\" \/><\/figure>\n\n\n\n<p style=\"font-size:14px\"><strong>CBR<\/strong><br>Relaci\u00f3n de soporte california<\/p>\n<\/div>\n<\/div>\n\n\n\n<div class=\"wp-block-columns is-layout-flex wp-container-core-columns-is-layout-9d6595d7 wp-block-columns-is-layout-flex\">\n<div class=\"wp-block-column is-layout-flow wp-block-column-is-layout-flow\">\n<figure class=\"wp-block-image size-large\"><img loading=\"lazy\" decoding=\"async\" width=\"767\" height=\"1024\" src=\"https:\/\/incilab.com.bo\/wp-content\/uploads\/2022\/05\/TRIAXIAL11-767x1024.png\" alt=\"\" class=\"wp-image-157\" srcset=\"https:\/\/incilab.com.bo\/wp-content\/uploads\/2022\/05\/TRIAXIAL11-767x1024.png 767w, https:\/\/incilab.com.bo\/wp-content\/uploads\/2022\/05\/TRIAXIAL11-225x300.png 225w, https:\/\/incilab.com.bo\/wp-content\/uploads\/2022\/05\/TRIAXIAL11-768x1026.png 768w, https:\/\/incilab.com.bo\/wp-content\/uploads\/2022\/05\/TRIAXIAL11.png 1039w\" sizes=\"auto, (max-width: 767px) 100vw, 767px\" \/><\/figure>\n\n\n\n<p style=\"font-size:14px\"><strong>Triaxial<\/strong><br>Ensayo triaxial<\/p>\n<\/div>\n\n\n\n<div class=\"wp-block-column is-layout-flow wp-block-column-is-layout-flow\">\n<div style=\"height:100px\" aria-hidden=\"true\" class=\"wp-block-spacer\"><\/div>\n\n\n\n<figure class=\"wp-block-image size-large\"><img loading=\"lazy\" decoding=\"async\" width=\"659\" height=\"1024\" src=\"https:\/\/incilab.com.bo\/wp-content\/uploads\/2022\/05\/DENSIDAD-EN-CAMPOp-659x1024.png\" alt=\"\" class=\"wp-image-156\" srcset=\"https:\/\/incilab.com.bo\/wp-content\/uploads\/2022\/05\/DENSIDAD-EN-CAMPOp-659x1024.png 659w, https:\/\/incilab.com.bo\/wp-content\/uploads\/2022\/05\/DENSIDAD-EN-CAMPOp-193x300.png 193w, https:\/\/incilab.com.bo\/wp-content\/uploads\/2022\/05\/DENSIDAD-EN-CAMPOp-768x1193.png 768w, https:\/\/incilab.com.bo\/wp-content\/uploads\/2022\/05\/DENSIDAD-EN-CAMPOp.png 824w\" sizes=\"auto, (max-width: 659px) 100vw, 659px\" \/><\/figure>\n\n\n\n<p style=\"font-size:14px\"><strong>Densidad en campo<\/strong><br>M\u00e9todo de ensayo para determinar la densidad y el peso unitario del suelo in situ-(m\u00e9todo cono de Arena).<\/p>\n<\/div>\n<\/div>\n","protected":false},"excerpt":{"rendered":"<p>LABORATORIO DE SUELO SPTM\u00e9todo de Penetraci\u00f3n Normal y Muestreo con Tubo Partido de los Suelos CBRRelaci\u00f3n de soporte california TriaxialEnsayo triaxial Densidad en campoM\u00e9todo de ensayo para determinar la densidad y el peso unitario del suelo in situ-(m\u00e9todo cono de Arena).<\/p>\n","protected":false},"author":1,"featured_media":159,"parent":0,"menu_order":0,"comment_status":"closed","ping_status":"closed","template":"","meta":{"footnotes":""},"class_list":["post-150","page","type-page","status-publish","has-post-thumbnail","hentry"],"_links":{"self":[{"href":"https:\/\/incilab.com.bo\/index.php\/wp-json\/wp\/v2\/pages\/150","targetHints":{"allow":["GET"]}}],"collection":[{"href":"https:\/\/incilab.com.bo\/index.php\/wp-json\/wp\/v2\/pages"}],"about":[{"href":"https:\/\/incilab.com.bo\/index.php\/wp-json\/wp\/v2\/types\/page"}],"author":[{"embeddable":true,"href":"https:\/\/incilab.com.bo\/index.php\/wp-json\/wp\/v2\/users\/1"}],"replies":[{"embeddable":true,"href":"https:\/\/incilab.com.bo\/index.php\/wp-json\/wp\/v2\/comments?post=150"}],"version-history":[{"count":8,"href":"https:\/\/incilab.com.bo\/index.php\/wp-json\/wp\/v2\/pages\/150\/revisions"}],"predecessor-version":[{"id":211,"href":"https:\/\/incilab.com.bo\/index.php\/wp-json\/wp\/v2\/pages\/150\/revisions\/211"}],"wp:featuredmedia":[{"embeddable":true,"href":"https:\/\/incilab.com.bo\/index.php\/wp-json\/wp\/v2\/media\/159"}],"wp:attachment":[{"href":"https:\/\/incilab.com.bo\/index.php\/wp-json\/wp\/v2\/media?parent=150"}],"curies":[{"name":"wp","href":"https:\/\/api.w.org\/{rel}","templated":true}]}}